{"id":1274,"date":"2020-02-11T10:42:32","date_gmt":"2020-02-11T09:42:32","guid":{"rendered":"http:\/\/jugendpflege4.org\/?page_id=1274"},"modified":"2025-11-10T10:59:19","modified_gmt":"2025-11-10T09:59:19","slug":"jugendtreff-woelfersheim","status":"publish","type":"page","link":"https:\/\/jugendpflege4.org\/index.php\/jugendtreff-woelfersheim\/","title":{"rendered":"Jugendtreff W\u00f6lfersheim"},"content":{"rendered":"<p><div class=\"fusion-fullwidth fullwidth-box nonhundred-percent-fullwidth non-hundred-percent-height-scrolling\"  style='background-color: rgba(255,255,255,0);background-position: center center;background-repeat: no-repeat;padding-top:0px;padding-right:0px;padding-bottom:0px;padding-left:0px;'><div class=\"fusion-builder-row fusion-row \"><div  class=\"fusion-layout-column fusion_builder_column fusion_builder_column_1_2 fusion-builder-column-1 fusion-one-half fusion-column-first 1_2\"  style='margin-top:0px;margin-bottom:20px;width:50%;width:calc(50% - ( ( 4% ) * 0.5 ) );margin-right: 4%;'>\n\t\t\t\t\t<div class=\"fusion-column-wrapper\" style=\"padding: 0px 0px 0px 0px;background-position:left top;background-repeat:no-repeat;-webkit-background-size:cover;-moz-background-size:cover;-o-background-size:cover;background-size:cover;\"   data-bg-url=\"\">\n\t\t\t\t\t\t<div class=\"fusion-text\"><p><b>Jugendtreff W\u00f6lfersheim<\/b><\/p>\n<p>Gie\u00dfener Str. 1, 61200 W\u00f6lfersheim<\/p>\n<p>Dienstags von 15:00-19:00 Uhr<br \/>Donnerstags von 15:00-18:30 Uhr<\/p>\n<\/div><div class=\"fusion-clearfix\"><\/div>\n\n\t\t\t\t\t<\/div>\n\t\t\t\t<\/div><div  class=\"fusion-layout-column fusion_builder_column fusion_builder_column_1_2 fusion-builder-column-2 fusion-one-half fusion-column-last 1_2\"  style='margin-top:0px;margin-bottom:20px;width:50%;width:calc(50% - ( ( 4% ) * 0.5 ) );'>\n\t\t\t\t\t<div class=\"fusion-column-wrapper\" style=\"padding: 0px 0px 0px 0px;background-position:left top;background-repeat:no-repeat;-webkit-background-size:cover;-moz-background-size:cover;-o-background-size:cover;background-size:cover;\"   data-bg-url=\"\">\n\t\t\t\t\t\t<div class=\"fusion-text\"><p>Der Jugendraum in W\u00f6lfersheim befindet sich oberhalb der Pumpstation in der Gie\u00dfener Stra\u00dfe 1. \u00dcber eine Treppe im Anbau gelangt man in die gro\u00dfen, freundlichen R\u00e4ume. Insgesamt ist der Jugendraum mit drei R\u00e4umen ausgestattet. Innerhalb des gr\u00f6\u00dften Raums, welcher der Hauptaufenthaltsraum ist, gibt es Sofas, einen Kicker, einen Billardtisch, verschiedene Spiele, einen Fernseher und eine Playstation. Au\u00dferdem ist eine K\u00fcche, in welcher oft gebacken und gekocht wird, vorhanden. Neben einem weiteren Gruppenraum gibt es noch einen Computerraum. In diesem k\u00f6nnen Schularbeiten gemacht und Pr\u00e4sentationen vorbereitet werden. Au\u00dferdem bietet er Raum zum Abh\u00e4ngen, spielen und Videos gucken.<\/p>\n<p>Neben dem offenen Treff machen wir verschiedene Aktivit\u00e4ten wie kochen, backen und zusammen spielen. Generell d\u00fcrfen alle Besucher*innen ihre W\u00fcnsche und Ideen mit einbringen! Es ist f\u00fcr jede*n was dabei!<\/p>\n<\/div><div class=\"fusion-clearfix\"><\/div>\n\n\t\t\t\t\t<\/div>\n\t\t\t\t<\/div><\/div><\/div><div class=\"fusion-fullwidth fullwidth-box nonhundred-percent-fullwidth non-hundred-percent-height-scrolling\"  style='background-color: rgba(255,255,255,0);background-position: center center;background-repeat: no-repeat;padding-top:0px;padding-right:0px;padding-bottom:0px;padding-left:0px;'><div class=\"fusion-builder-row fusion-row \"><div  class=\"fusion-layout-column fusion_builder_column fusion_builder_column_1_4 fusion-builder-column-3 fusion-one-fourth fusion-column-first 1_4\"  style='margin-top:0px;margin-bottom:20px;width:25%;width:calc(25% - ( ( 4% + 4% + 4% ) * 0.25 ) );margin-right: 4%;'>\n\t\t\t\t\t<div class=\"fusion-column-wrapper\" style=\"padding: 0px 0px 0px 0px;background-position:left top;background-repeat:no-repeat;-webkit-background-size:cover;-moz-background-size:cover;-o-background-size:cover;background-size:cover;\"   data-bg-url=\"\">\n\t\t\t\t\t\t<span style=\"-webkit-box-shadow: 0px 0px 4px rgba(0,0,0,0.3);box-shadow: 0px 0px 4px rgba(0,0,0,0.3);\" class=\"fusion-imageframe imageframe-dropshadow imageframe-1 hover-type-none\"><img loading=\"lazy\" decoding=\"async\" src=\"https:\/\/jugendpflege4.org\/wp-content\/uploads\/2021\/02\/E0A5385.jpg\" width=\"868\" height=\"578\" alt=\"\" title=\"_E0A5385\" class=\"img-responsive wp-image-2147\" srcset=\"https:\/\/jugendpflege4.org\/wp-content\/uploads\/2021\/02\/E0A5385-200x133.jpg 200w, https:\/\/jugendpflege4.org\/wp-content\/uploads\/2021\/02\/E0A5385-400x266.jpg 400w, https:\/\/jugendpflege4.org\/wp-content\/uploads\/2021\/02\/E0A5385-600x400.jpg 600w, https:\/\/jugendpflege4.org\/wp-content\/uploads\/2021\/02\/E0A5385-800x533.jpg 800w, https:\/\/jugendpflege4.org\/wp-content\/uploads\/2021\/02\/E0A5385.jpg 868w\" sizes=\"auto, (max-width: 1120px) 100vw, 868px\" \/><\/span><div class=\"fusion-clearfix\"><\/div>\n\n\t\t\t\t\t<\/div>\n\t\t\t\t<\/div><div  class=\"fusion-layout-column fusion_builder_column fusion_builder_column_1_4 fusion-builder-column-4 fusion-one-fourth 1_4\"  style='margin-top:0px;margin-bottom:20px;width:25%;width:calc(25% - ( ( 4% + 4% + 4% ) * 0.25 ) );margin-right: 4%;'>\n\t\t\t\t\t<div class=\"fusion-column-wrapper\" style=\"padding: 0px 0px 0px 0px;background-position:left top;background-repeat:no-repeat;-webkit-background-size:cover;-moz-background-size:cover;-o-background-size:cover;background-size:cover;\"   data-bg-url=\"\">\n\t\t\t\t\t\t<span style=\"-webkit-box-shadow: 0px 0px 4px rgba(0,0,0,0.3);box-shadow: 0px 0px 4px rgba(0,0,0,0.3);\" class=\"fusion-imageframe imageframe-dropshadow imageframe-2 hover-type-none\"><img loading=\"lazy\" decoding=\"async\" src=\"https:\/\/jugendpflege4.org\/wp-content\/uploads\/2021\/02\/E0A5399.jpg\" width=\"868\" height=\"578\" alt=\"\" title=\"_E0A5399\" class=\"img-responsive wp-image-2146\" srcset=\"https:\/\/jugendpflege4.org\/wp-content\/uploads\/2021\/02\/E0A5399-200x133.jpg 200w, https:\/\/jugendpflege4.org\/wp-content\/uploads\/2021\/02\/E0A5399-400x266.jpg 400w, https:\/\/jugendpflege4.org\/wp-content\/uploads\/2021\/02\/E0A5399-600x400.jpg 600w, https:\/\/jugendpflege4.org\/wp-content\/uploads\/2021\/02\/E0A5399-800x533.jpg 800w, https:\/\/jugendpflege4.org\/wp-content\/uploads\/2021\/02\/E0A5399.jpg 868w\" sizes=\"auto, (max-width: 1120px) 100vw, 868px\" \/><\/span><div class=\"fusion-clearfix\"><\/div>\n\n\t\t\t\t\t<\/div>\n\t\t\t\t<\/div><div  class=\"fusion-layout-column fusion_builder_column fusion_builder_column_1_4 fusion-builder-column-5 fusion-one-fourth 1_4\"  style='margin-top:0px;margin-bottom:20px;width:25%;width:calc(25% - ( ( 4% + 4% + 4% ) * 0.25 ) );margin-right: 4%;'>\n\t\t\t\t\t<div class=\"fusion-column-wrapper\" style=\"padding: 0px 0px 0px 0px;background-position:left top;background-repeat:no-repeat;-webkit-background-size:cover;-moz-background-size:cover;-o-background-size:cover;background-size:cover;\"   data-bg-url=\"\">\n\t\t\t\t\t\t<span style=\"-webkit-box-shadow: 0px 0px 4px rgba(0,0,0,0.3);box-shadow: 0px 0px 4px rgba(0,0,0,0.3);\" class=\"fusion-imageframe imageframe-dropshadow imageframe-3 hover-type-none\"><img loading=\"lazy\" decoding=\"async\" src=\"https:\/\/jugendpflege4.org\/wp-content\/uploads\/2021\/02\/E0A5438.jpg\" width=\"802\" height=\"534\" alt=\"\" title=\"_E0A5438\" class=\"img-responsive wp-image-2145\" srcset=\"https:\/\/jugendpflege4.org\/wp-content\/uploads\/2021\/02\/E0A5438-200x133.jpg 200w, https:\/\/jugendpflege4.org\/wp-content\/uploads\/2021\/02\/E0A5438-400x266.jpg 400w, https:\/\/jugendpflege4.org\/wp-content\/uploads\/2021\/02\/E0A5438-600x400.jpg 600w, https:\/\/jugendpflege4.org\/wp-content\/uploads\/2021\/02\/E0A5438-800x533.jpg 800w, https:\/\/jugendpflege4.org\/wp-content\/uploads\/2021\/02\/E0A5438.jpg 802w\" sizes=\"auto, (max-width: 1120px) 100vw, 802px\" \/><\/span><div class=\"fusion-clearfix\"><\/div>\n\n\t\t\t\t\t<\/div>\n\t\t\t\t<\/div><div  class=\"fusion-layout-column fusion_builder_column fusion_builder_column_1_4 fusion-builder-column-6 fusion-one-fourth fusion-column-last 1_4\"  style='margin-top:0px;margin-bottom:20px;width:25%;width:calc(25% - ( ( 4% + 4% + 4% ) * 0.25 ) );'>\n\t\t\t\t\t<div class=\"fusion-column-wrapper\" style=\"padding: 0px 0px 0px 0px;background-position:left top;background-repeat:no-repeat;-webkit-background-size:cover;-moz-background-size:cover;-o-background-size:cover;background-size:cover;\"   data-bg-url=\"\">\n\t\t\t\t\t\t<span style=\"-webkit-box-shadow: 0px 0px 4px rgba(0,0,0,0.3);box-shadow: 0px 0px 4px rgba(0,0,0,0.3);\" class=\"fusion-imageframe imageframe-dropshadow imageframe-4 hover-type-none\"><img loading=\"lazy\" decoding=\"async\" src=\"https:\/\/jugendpflege4.org\/wp-content\/uploads\/2020\/02\/MG_5323-1.jpg\" width=\"868\" height=\"578\" alt=\"\" title=\"_MG_5323\" class=\"img-responsive wp-image-1197\" srcset=\"https:\/\/jugendpflege4.org\/wp-content\/uploads\/2020\/02\/MG_5323-1-200x133.jpg 200w, https:\/\/jugendpflege4.org\/wp-content\/uploads\/2020\/02\/MG_5323-1-400x266.jpg 400w, https:\/\/jugendpflege4.org\/wp-content\/uploads\/2020\/02\/MG_5323-1-600x400.jpg 600w, https:\/\/jugendpflege4.org\/wp-content\/uploads\/2020\/02\/MG_5323-1-800x533.jpg 800w, https:\/\/jugendpflege4.org\/wp-content\/uploads\/2020\/02\/MG_5323-1.jpg 868w\" sizes=\"auto, (max-width: 1120px) 100vw, 400px\" \/><\/span><div class=\"fusion-clearfix\"><\/div>\n\n\t\t\t\t\t<\/div>\n\t\t\t\t<\/div><\/div><\/div><div class=\"fusion-fullwidth fullwidth-box nonhundred-percent-fullwidth non-hundred-percent-height-scrolling\"  style='background-color: rgba(255,255,255,0);background-position: center center;background-repeat: no-repeat;padding-top:0px;padding-right:0px;padding-bottom:0px;padding-left:0px;'><div class=\"fusion-builder-row fusion-row \"><div  class=\"fusion-layout-column fusion_builder_column fusion_builder_column_1_1 fusion-builder-column-7 fusion-one-full fusion-column-first fusion-column-last 1_1\"  style='margin-top:0px;margin-bottom:20px;'>\n\t\t\t\t\t<div class=\"fusion-column-wrapper\" style=\"padding: 0px 0px 0px 0px;background-position:left top;background-repeat:no-repeat;-webkit-background-size:cover;-moz-background-size:cover;-o-background-size:cover;background-size:cover;\"   data-bg-url=\"\">\n\t\t\t\t\t\t<div class=\"fusion-text\"><p><strong>KONTAKT<\/strong><\/p>\n<p>Franziska M\u00fcller-Lotz: 0171-2376228 \/\/ mueller@jugendpflege4.de<\/p>\n<\/div><div class=\"fusion-clearfix\"><\/div>\n\n\t\t\t\t\t<\/div>\n\t\t\t\t<\/div><\/div><\/div><\/p>\n","protected":false},"excerpt":{"rendered":"","protected":false},"author":2,"featured_media":0,"parent":0,"menu_order":0,"comment_status":"closed","ping_status":"closed","template":"","meta":{"_bbp_topic_count":0,"_bbp_reply_count":0,"_bbp_total_topic_count":0,"_bbp_total_reply_count":0,"_bbp_voice_count":0,"_bbp_anonymous_reply_count":0,"_bbp_topic_count_hidden":0,"_bbp_reply_count_hidden":0,"_bbp_forum_subforum_count":0,"footnotes":""},"class_list":["post-1274","page","type-page","status-publish","hentry"],"_links":{"self":[{"href":"https:\/\/jugendpflege4.org\/index.php\/wp-json\/wp\/v2\/pages\/1274","targetHints":{"allow":["GET"]}}],"collection":[{"href":"https:\/\/jugendpflege4.org\/index.php\/wp-json\/wp\/v2\/pages"}],"about":[{"href":"https:\/\/jugendpflege4.org\/index.php\/wp-json\/wp\/v2\/types\/page"}],"author":[{"embeddable":true,"href":"https:\/\/jugendpflege4.org\/index.php\/wp-json\/wp\/v2\/users\/2"}],"replies":[{"embeddable":true,"href":"https:\/\/jugendpflege4.org\/index.php\/wp-json\/wp\/v2\/comments?post=1274"}],"version-history":[{"count":18,"href":"https:\/\/jugendpflege4.org\/index.php\/wp-json\/wp\/v2\/pages\/1274\/revisions"}],"predecessor-version":[{"id":3225,"href":"https:\/\/jugendpflege4.org\/index.php\/wp-json\/wp\/v2\/pages\/1274\/revisions\/3225"}],"wp:attachment":[{"href":"https:\/\/jugendpflege4.org\/index.php\/wp-json\/wp\/v2\/media?parent=1274"}],"curies":[{"name":"wp","href":"https:\/\/api.w.org\/{rel}","templated":true}]}}