{"id":1337,"date":"2020-02-18T11:01:22","date_gmt":"2020-02-18T10:01:22","guid":{"rendered":"http:\/\/jugendpflege4.org\/?page_id=1337"},"modified":"2026-02-27T12:31:55","modified_gmt":"2026-02-27T11:31:55","slug":"tatjana-schoengen","status":"publish","type":"page","link":"https:\/\/jugendpflege4.org\/index.php\/tatjana-schoengen\/","title":{"rendered":"Tatjana Sch\u00f6ngen"},"content":{"rendered":"<p><div class=\"fusion-fullwidth fullwidth-box nonhundred-percent-fullwidth non-hundred-percent-height-scrolling\"  style='background-color: rgba(255,255,255,0);background-position: center center;background-repeat: no-repeat;padding-top:0px;padding-right:0px;padding-bottom:0px;padding-left:0px;'><div class=\"fusion-builder-row fusion-row \"><div  class=\"fusion-layout-column fusion_builder_column fusion_builder_column_1_2 fusion-builder-column-1 fusion-one-half fusion-column-first 1_2\"  style='margin-top:0px;margin-bottom:20px;width:50%;width:calc(50% - ( ( 4% ) * 0.5 ) );margin-right: 4%;'>\n\t\t\t\t\t<div class=\"fusion-column-wrapper\" style=\"padding: 0px 0px 0px 0px;background-position:left top;background-repeat:no-repeat;-webkit-background-size:cover;-moz-background-size:cover;-o-background-size:cover;background-size:cover;\"   data-bg-url=\"\">\n\t\t\t\t\t\t<div class=\"fusion-text\"><p>* 1989<\/p>\n<p>Sozialp\u00e4dagogin M.A.<\/p>\n<p>Jugendpflegerin seit 2016<\/p>\n<\/div><div class=\"fusion-sep-clear\"><\/div><div class=\"fusion-separator fusion-full-width-sep sep-single sep-solid\" style=\"border-color:#ae895d;border-top-width:1px;margin-left: auto;margin-right: auto;margin-top:;margin-bottom:30px;\"><\/div><div class=\"fusion-text\"><h4>Schwerpunkte:<\/h4>\n<\/div><ul class=\"fusion-checklist fusion-checklist-1\" style=\"font-size:14px;line-height:23.8px;\"><li class=\"fusion-li-item\"><span style=\"background-color:#ab8b65;font-size:12.32px;height:23.8px;width:23.8px;margin-right:9.8px;\" class=\"icon-wrapper circle-yes\"><i class=\"fusion-li-icon fa-angle-right fas\" style=\"color:#ffffff;\"><\/i><\/span><div class=\"fusion-li-item-content\" style=\"margin-left:33.6px;\">\n<p>geschlechterspezifische Jugendarbeit<\/p>\n<\/div><\/li><li class=\"fusion-li-item\"><span style=\"background-color:#ab8b65;font-size:12.32px;height:23.8px;width:23.8px;margin-right:9.8px;\" class=\"icon-wrapper circle-yes\"><i class=\"fusion-li-icon fa-angle-right fas\" style=\"color:#ffffff;\"><\/i><\/span><div class=\"fusion-li-item-content\" style=\"margin-left:33.6px;\">\n<p>Spiel- und Erlebnisp\u00e4dagogik<\/p>\n<\/div><\/li><li class=\"fusion-li-item\"><span style=\"background-color:#ab8b65;font-size:12.32px;height:23.8px;width:23.8px;margin-right:9.8px;\" class=\"icon-wrapper circle-yes\"><i class=\"fusion-li-icon fa-angle-right fas\" style=\"color:#ffffff;\"><\/i><\/span><div class=\"fusion-li-item-content\" style=\"margin-left:33.6px;\">\n<p>Ferienspielangebote<\/p>\n<\/div><\/li><li class=\"fusion-li-item\"><span style=\"background-color:#ab8b65;font-size:12.32px;height:23.8px;width:23.8px;margin-right:9.8px;\" class=\"icon-wrapper circle-yes\"><i class=\"fusion-li-icon fa-angle-right fas\" style=\"color:#ffffff;\"><\/i><\/span><div class=\"fusion-li-item-content\" style=\"margin-left:33.6px;\">\n<p>offene und mobile Jugendtreffs<\/p>\n<\/div><\/li><li class=\"fusion-li-item\"><span style=\"background-color:#ab8b65;font-size:12.32px;height:23.8px;width:23.8px;margin-right:9.8px;\" class=\"icon-wrapper circle-yes\"><i class=\"fusion-li-icon fa-angle-right fas\" style=\"color:#ffffff;\"><\/i><\/span><div class=\"fusion-li-item-content\" style=\"margin-left:33.6px;\">\n<p>Fotoprojekte<\/p>\n<\/div><\/li><li class=\"fusion-li-item\"><span style=\"background-color:#ab8b65;font-size:12.32px;height:23.8px;width:23.8px;margin-right:9.8px;\" class=\"icon-wrapper circle-yes\"><i class=\"fusion-li-icon fa-angle-right fas\" style=\"color:#ffffff;\"><\/i><\/span><div class=\"fusion-li-item-content\" style=\"margin-left:33.6px;\">\n<p>Genussbotschafterin f\u00fcr &#8222;Ich kann kochen&#8220;<\/p>\n<\/div><\/li><li class=\"fusion-li-item\"><span style=\"background-color:#ab8b65;font-size:12.32px;height:23.8px;width:23.8px;margin-right:9.8px;\" class=\"icon-wrapper circle-yes\"><i class=\"fusion-li-icon fa-angle-right fas\" style=\"color:#ffffff;\"><\/i><\/span><div class=\"fusion-li-item-content\" style=\"margin-left:33.6px;\">\n<p>Schul-AG<\/p>\n<\/div><\/li><li class=\"fusion-li-item\"><span style=\"background-color:#ab8b65;font-size:12.32px;height:23.8px;width:23.8px;margin-right:9.8px;\" class=\"icon-wrapper circle-yes\"><i class=\"fusion-li-icon fa-angle-right fas\" style=\"color:#ffffff;\"><\/i><\/span><div class=\"fusion-li-item-content\" style=\"margin-left:33.6px;\">\n<p>Gremienarbeit<\/p>\n<\/div><\/li><li class=\"fusion-li-item\"><span style=\"background-color:#ab8b65;font-size:12.32px;height:23.8px;width:23.8px;margin-right:9.8px;\" class=\"icon-wrapper circle-yes\"><i class=\"fusion-li-icon fa-angle-right fas\" style=\"color:#ffffff;\"><\/i><\/span><div class=\"fusion-li-item-content\" style=\"margin-left:33.6px;\">\n<p>Betreuung der Jugendpflege-Homepage, \u00d6ffentlichkeits- und Pressearbeit<\/p>\n<\/div><\/li><li class=\"fusion-li-item\"><span style=\"background-color:#ab8b65;font-size:12.32px;height:23.8px;width:23.8px;margin-right:9.8px;\" class=\"icon-wrapper circle-yes\"><i class=\"fusion-li-icon fa-angle-right fas\" style=\"color:#ffffff;\"><\/i><\/span><div class=\"fusion-li-item-content\" style=\"margin-left:33.6px;\">\n<p>Aufsuchende Jugendarbeit<\/p>\n<\/div><\/li><li class=\"fusion-li-item\"><span style=\"background-color:#ab8b65;font-size:12.32px;height:23.8px;width:23.8px;margin-right:9.8px;\" class=\"icon-wrapper circle-yes\"><i class=\"fusion-li-icon fa-angle-right fas\" style=\"color:#ffffff;\"><\/i><\/span><div class=\"fusion-li-item-content\" style=\"margin-left:33.6px;\">\n<p>Beratungsangebot<\/p>\n<\/div><\/li><\/ul><div class=\"fusion-clearfix\"><\/div>\n\n\t\t\t\t\t<\/div>\n\t\t\t\t<\/div><div  class=\"fusion-layout-column fusion_builder_column fusion_builder_column_1_2 fusion-builder-column-2 fusion-one-half fusion-column-last 1_2\"  style='margin-top:0px;margin-bottom:20px;width:50%;width:calc(50% - ( ( 4% ) * 0.5 ) );'>\n\t\t\t\t\t<div class=\"fusion-column-wrapper\" style=\"padding: 0px 0px 0px 0px;background-position:left top;background-repeat:no-repeat;-webkit-background-size:cover;-moz-background-size:cover;-o-background-size:cover;background-size:cover;\"   data-bg-url=\"\">\n\t\t\t\t\t\t<div class=\"fusion-text\"><p><a href=\"https:\/\/jugendpflege4.org\/index.php\/jugendtreff-echzell\/\">Jugendtreff Echzell<\/a><\/p>\n<p><a href=\"https:\/\/jugendpflege4.org\/index.php\/jugendtreff-staden\/\">Jugendtreff Nieder-Mockstadt<\/a><\/p>\n<\/div><div class=\"fusion-sep-clear\"><\/div><div class=\"fusion-separator fusion-full-width-sep sep-single sep-solid\" style=\"border-color:#ae895d;border-top-width:1px;margin-left: auto;margin-right: auto;margin-top:50px;margin-bottom:30px;\"><\/div><div class=\"fusion-text\"><p>schoengen@jugendpflege4.de<\/p>\n<p>0173-9897293 \/ 06035-1001-34<\/p>\n<\/div><div class=\"fusion-clearfix\"><\/div>\n\n\t\t\t\t\t<\/div>\n\t\t\t\t<\/div><\/div><\/div><div class=\"fusion-fullwidth fullwidth-box nonhundred-percent-fullwidth non-hundred-percent-height-scrolling\"  style='background-color: rgba(255,255,255,0);background-position: center center;background-repeat: no-repeat;padding-top:0px;padding-right:0px;padding-bottom:0px;padding-left:0px;'><div class=\"fusion-builder-row fusion-row \"><div  class=\"fusion-layout-column fusion_builder_column fusion_builder_column_1_1 fusion-builder-column-3 fusion-one-full fusion-column-first fusion-column-last 1_1\"  style='margin-top:0px;margin-bottom:20px;'>\n\t\t\t\t\t<div class=\"fusion-column-wrapper\" style=\"padding: 0px 0px 0px 0px;background-position:left top;background-repeat:no-repeat;-webkit-background-size:cover;-moz-background-size:cover;-o-background-size:cover;background-size:cover;\"   data-bg-url=\"\">\n\t\t\t\t\t\t<div class=\"fusion-sep-clear\"><\/div><div class=\"fusion-separator fusion-full-width-sep sep-single\" style=\"border-color:#ae895d;border-top-width:1px;margin-left: auto;margin-right: auto;margin-top:;\"><\/div><div class=\"fusion-clearfix\"><\/div>\n\n\t\t\t\t\t<\/div>\n\t\t\t\t<\/div><\/div><\/div><div class=\"fusion-fullwidth fullwidth-box nonhundred-percent-fullwidth non-hundred-percent-height-scrolling\"  style='background-color: rgba(255,255,255,0);background-position: center center;background-repeat: no-repeat;padding-top:0px;padding-right:0px;padding-bottom:0px;padding-left:0px;'><div class=\"fusion-builder-row fusion-row \"><div  class=\"fusion-layout-column fusion_builder_column fusion_builder_column_1_1 fusion-builder-column-4 fusion-one-full fusion-column-first fusion-column-last 1_1\"  style='margin-top:0px;margin-bottom:20px;'>\n\t\t\t\t\t<div class=\"fusion-column-wrapper\" style=\"padding: 0px 0px 0px 0px;background-position:left top;background-repeat:no-repeat;-webkit-background-size:cover;-moz-background-size:cover;-o-background-size:cover;background-size:cover;\"   data-bg-url=\"\">\n\t\t\t\t\t\t<div class=\"fusion-text\"><div>Tatjana ist seit Dezember 2016 bei der Jugendpflege 4.0.<\/div>\n<div>\n<p>Sie hat verschiedene Fortbildungen zum Thema Gewaltpr\u00e4vention (sexualisierte Gewalt, Gewalt an Schulen, Gewaltfreie Kommunikation) gemacht. Au\u00dferdem besitzt sie einen Tauchschein, ist Rettungsschwimmerin, Feuerwehrfrau, Hundef\u00fchrerin bei der Rettungshundestaffel und Yogalehrerin. Sie ist Betriebsersthelferin und hat mehrere Veranstaltung zu erlebnisp\u00e4dagogischen Konzepten besucht. Zus\u00e4tzlich hat sie eine Leidenschaft f\u00fcr Brettspiele und Fotografie entwickelt, weshalb sie dazu bereits an einigen Seminaren, wie beispielsweise &#8222;Spiele selbst entwickeln&#8220;, &#8222;Grundlagen der Fotografie&#8220; und &#8222;Lightpainting&#8220;, teilgenommen hat.<br \/>\nIn ihren Schul-AGs besch\u00e4ftigte sie sich zuletzt mit dem Thema Geheimschriften.<\/p>\n<\/div>\n<p>Seit Ende 2019 ist sie \u00fcber die Sarah Wiener Stiftung zur Genussbotschafterin weitergebildet worden und bietet verschiedene Koch- und Ern\u00e4hrungsprojekte f\u00fcr Kinder und Jugendliche an.<\/p>\n<p>Gemeinsam mit ihren Kolleg*innen koordiniert sie die Ferienprogramme f\u00fcr Oster-, Sommer- und Herbstferien und f\u00fchrt einige der angebotenen Projekte selbst durch.<\/p>\n<\/div><div class=\"fusion-clearfix\"><\/div>\n\n\t\t\t\t\t<\/div>\n\t\t\t\t<\/div><\/div><\/div><\/p>\n","protected":false},"excerpt":{"rendered":"","protected":false},"author":2,"featured_media":0,"parent":0,"menu_order":0,"comment_status":"closed","ping_status":"closed","template":"","meta":{"_bbp_topic_count":0,"_bbp_reply_count":0,"_bbp_total_topic_count":0,"_bbp_total_reply_count":0,"_bbp_voice_count":0,"_bbp_anonymous_reply_count":0,"_bbp_topic_count_hidden":0,"_bbp_reply_count_hidden":0,"_bbp_forum_subforum_count":0,"footnotes":""},"class_list":["post-1337","page","type-page","status-publish","hentry"],"_links":{"self":[{"href":"https:\/\/jugendpflege4.org\/index.php\/wp-json\/wp\/v2\/pages\/1337","targetHints":{"allow":["GET"]}}],"collection":[{"href":"https:\/\/jugendpflege4.org\/index.php\/wp-json\/wp\/v2\/pages"}],"about":[{"href":"https:\/\/jugendpflege4.org\/index.php\/wp-json\/wp\/v2\/types\/page"}],"author":[{"embeddable":true,"href":"https:\/\/jugendpflege4.org\/index.php\/wp-json\/wp\/v2\/users\/2"}],"replies":[{"embeddable":true,"href":"https:\/\/jugendpflege4.org\/index.php\/wp-json\/wp\/v2\/comments?post=1337"}],"version-history":[{"count":25,"href":"https:\/\/jugendpflege4.org\/index.php\/wp-json\/wp\/v2\/pages\/1337\/revisions"}],"predecessor-version":[{"id":3254,"href":"https:\/\/jugendpflege4.org\/index.php\/wp-json\/wp\/v2\/pages\/1337\/revisions\/3254"}],"wp:attachment":[{"href":"https:\/\/jugendpflege4.org\/index.php\/wp-json\/wp\/v2\/media?parent=1337"}],"curies":[{"name":"wp","href":"https:\/\/api.w.org\/{rel}","templated":true}]}}

Tatjana Schöngen

<p><div class="fusion-fullwidth fullwidth-box nonhundred-percent-fullwidth non-hundred-percent-height-scrolling"  style='background-color: rgba(255,255,255,0);background-position: center center;background-repeat: no-repeat;padding-top:0px;padding-right:0px;padding-bottom:0px;padding-left:0px;'><div class="fusion-builder-row fusion-row "><div  class="fusion-layout-column fusion_builder_column fusion_builder_column_1_2 fusion-builder-column-1 fusion-one-half fusion-column-first 1_2"  style='margin-top:0px;margin-bottom:20px;width:50%;width:calc(50% - ( ( 4% ) * 0.5 ) );margin-right: 4%;'>
					<div class="fusion-column-wrapper" style="padding: 0px 0px 0px 0px;background-position:left top;background-repeat:no-repeat;-webkit-background-size:cover;-moz-background-size:cover;-o-background-size:cover;background-size:cover;"   data-bg-url="">
						<div class="fusion-text"><p>* 1989</p>
<p>Sozialpädagogin M.A.</p>
<p>Jugendpflegerin seit 2016</p>
</div><div class="fusion-sep-clear"></div><div class="fusion-separator fusion-full-width-sep sep-single sep-solid" style="border-color:#ae895d;border-top-width:1px;margin-left: auto;margin-right: auto;margin-top:;margin-bottom:30px;"></div><div class="fusion-text"><h4>Schwerpunkte:</h4>
</div><ul class="fusion-checklist fusion-checklist-1" style="font-size:14px;line-height:23.8px;"><li class="fusion-li-item"><span style="background-color:#ab8b65;font-size:12.32px;height:23.8px;width:23.8px;margin-right:9.8px;" class="icon-wrapper circle-yes"><i class="fusion-li-icon fa-angle-right fas" style="color:#ffffff;"></i></span><div class="fusion-li-item-content" style="margin-left:33.6px;">
<p>geschlechterspezifische Jugendarbeit</p>
</div></li><li class="fusion-li-item"><span style="background-color:#ab8b65;font-size:12.32px;height:23.8px;width:23.8px;margin-right:9.8px;" class="icon-wrapper circle-yes"><i class="fusion-li-icon fa-angle-right fas" style="color:#ffffff;"></i></span><div class="fusion-li-item-content" style="margin-left:33.6px;">
<p>Spiel- und Erlebnispädagogik</p>
</div></li><li class="fusion-li-item"><span style="background-color:#ab8b65;font-size:12.32px;height:23.8px;width:23.8px;margin-right:9.8px;" class="icon-wrapper circle-yes"><i class="fusion-li-icon fa-angle-right fas" style="color:#ffffff;"></i></span><div class="fusion-li-item-content" style="margin-left:33.6px;">
<p>Ferienspielangebote</p>
</div></li><li class="fusion-li-item"><span style="background-color:#ab8b65;font-size:12.32px;height:23.8px;width:23.8px;margin-right:9.8px;" class="icon-wrapper circle-yes"><i class="fusion-li-icon fa-angle-right fas" style="color:#ffffff;"></i></span><div class="fusion-li-item-content" style="margin-left:33.6px;">
<p>offene und mobile Jugendtreffs</p>
</div></li><li class="fusion-li-item"><span style="background-color:#ab8b65;font-size:12.32px;height:23.8px;width:23.8px;margin-right:9.8px;" class="icon-wrapper circle-yes"><i class="fusion-li-icon fa-angle-right fas" style="color:#ffffff;"></i></span><div class="fusion-li-item-content" style="margin-left:33.6px;">
<p>Fotoprojekte</p>
</div></li><li class="fusion-li-item"><span style="background-color:#ab8b65;font-size:12.32px;height:23.8px;width:23.8px;margin-right:9.8px;" class="icon-wrapper circle-yes"><i class="fusion-li-icon fa-angle-right fas" style="color:#ffffff;"></i></span><div class="fusion-li-item-content" style="margin-left:33.6px;">
<p>Genussbotschafterin für &#8222;Ich kann kochen&#8220;</p>
</div></li><li class="fusion-li-item"><span style="background-color:#ab8b65;font-size:12.32px;height:23.8px;width:23.8px;margin-right:9.8px;" class="icon-wrapper circle-yes"><i class="fusion-li-icon fa-angle-right fas" style="color:#ffffff;"></i></span><div class="fusion-li-item-content" style="margin-left:33.6px;">
<p>Schul-AG</p>
</div></li><li class="fusion-li-item"><span style="background-color:#ab8b65;font-size:12.32px;height:23.8px;width:23.8px;margin-right:9.8px;" class="icon-wrapper circle-yes"><i class="fusion-li-icon fa-angle-right fas" style="color:#ffffff;"></i></span><div class="fusion-li-item-content" style="margin-left:33.6px;">
<p>Gremienarbeit</p>
</div></li><li class="fusion-li-item"><span style="background-color:#ab8b65;font-size:12.32px;height:23.8px;width:23.8px;margin-right:9.8px;" class="icon-wrapper circle-yes"><i class="fusion-li-icon fa-angle-right fas" style="color:#ffffff;"></i></span><div class="fusion-li-item-content" style="margin-left:33.6px;">
<p>Betreuung der Jugendpflege-Homepage, Öffentlichkeits- und Pressearbeit</p>
</div></li><li class="fusion-li-item"><span style="background-color:#ab8b65;font-size:12.32px;height:23.8px;width:23.8px;margin-right:9.8px;" class="icon-wrapper circle-yes"><i class="fusion-li-icon fa-angle-right fas" style="color:#ffffff;"></i></span><div class="fusion-li-item-content" style="margin-left:33.6px;">
<p>Aufsuchende Jugendarbeit</p>
</div></li><li class="fusion-li-item"><span style="background-color:#ab8b65;font-size:12.32px;height:23.8px;width:23.8px;margin-right:9.8px;" class="icon-wrapper circle-yes"><i class="fusion-li-icon fa-angle-right fas" style="color:#ffffff;"></i></span><div class="fusion-li-item-content" style="margin-left:33.6px;">
<p>Beratungsangebot</p>
</div></li></ul><div class="fusion-clearfix"></div>

					</div>
				</div><div  class="fusion-layout-column fusion_builder_column fusion_builder_column_1_2 fusion-builder-column-2 fusion-one-half fusion-column-last 1_2"  style='margin-top:0px;margin-bottom:20px;width:50%;width:calc(50% - ( ( 4% ) * 0.5 ) );'>
					<div class="fusion-column-wrapper" style="padding: 0px 0px 0px 0px;background-position:left top;background-repeat:no-repeat;-webkit-background-size:cover;-moz-background-size:cover;-o-background-size:cover;background-size:cover;"   data-bg-url="">
						<div class="fusion-text"><p><a href="https://jugendpflege4.org/index.php/jugendtreff-echzell/">Jugendtreff Echzell</a></p>
<p><a href="https://jugendpflege4.org/index.php/jugendtreff-staden/">Jugendtreff Nieder-Mockstadt</a></p>
</div><div class="fusion-sep-clear"></div><div class="fusion-separator fusion-full-width-sep sep-single sep-solid" style="border-color:#ae895d;border-top-width:1px;margin-left: auto;margin-right: auto;margin-top:50px;margin-bottom:30px;"></div><div class="fusion-text"><p>schoengen@jugendpflege4.de</p>
<p>0173-9897293 / 06035-1001-34</p>
</div><div class="fusion-clearfix"></div>

					</div>
				</div></div></div><div class="fusion-fullwidth fullwidth-box nonhundred-percent-fullwidth non-hundred-percent-height-scrolling"  style='background-color: rgba(255,255,255,0);background-position: center center;background-repeat: no-repeat;padding-top:0px;padding-right:0px;padding-bottom:0px;padding-left:0px;'><div class="fusion-builder-row fusion-row "><div  class="fusion-layout-column fusion_builder_column fusion_builder_column_1_1 fusion-builder-column-3 fusion-one-full fusion-column-first fusion-column-last 1_1"  style='margin-top:0px;margin-bottom:20px;'>
					<div class="fusion-column-wrapper" style="padding: 0px 0px 0px 0px;background-position:left top;background-repeat:no-repeat;-webkit-background-size:cover;-moz-background-size:cover;-o-background-size:cover;background-size:cover;"   data-bg-url="">
						<div class="fusion-sep-clear"></div><div class="fusion-separator fusion-full-width-sep sep-single" style="border-color:#ae895d;border-top-width:1px;margin-left: auto;margin-right: auto;margin-top:;"></div><div class="fusion-clearfix"></div>

					</div>
				</div></div></div><div class="fusion-fullwidth fullwidth-box nonhundred-percent-fullwidth non-hundred-percent-height-scrolling"  style='background-color: rgba(255,255,255,0);background-position: center center;background-repeat: no-repeat;padding-top:0px;padding-right:0px;padding-bottom:0px;padding-left:0px;'><div class="fusion-builder-row fusion-row "><div  class="fusion-layout-column fusion_builder_column fusion_builder_column_1_1 fusion-builder-column-4 fusion-one-full fusion-column-first fusion-column-last 1_1"  style='margin-top:0px;margin-bottom:20px;'>
					<div class="fusion-column-wrapper" style="padding: 0px 0px 0px 0px;background-position:left top;background-repeat:no-repeat;-webkit-background-size:cover;-moz-background-size:cover;-o-background-size:cover;background-size:cover;"   data-bg-url="">
						<div class="fusion-text"><div>Tatjana ist seit Dezember 2016 bei der Jugendpflege 4.0.</div>
<div>
<p>Sie hat verschiedene Fortbildungen zum Thema Gewaltprävention (sexualisierte Gewalt, Gewalt an Schulen, Gewaltfreie Kommunikation) gemacht. Außerdem besitzt sie einen Tauchschein, ist Rettungsschwimmerin, Feuerwehrfrau, Hundeführerin bei der Rettungshundestaffel und Yogalehrerin. Sie ist Betriebsersthelferin und hat mehrere Veranstaltung zu erlebnispädagogischen Konzepten besucht. Zusätzlich hat sie eine Leidenschaft für Brettspiele und Fotografie entwickelt, weshalb sie dazu bereits an einigen Seminaren, wie beispielsweise &#8222;Spiele selbst entwickeln&#8220;, &#8222;Grundlagen der Fotografie&#8220; und &#8222;Lightpainting&#8220;, teilgenommen hat.<br />
In ihren Schul-AGs beschäftigte sie sich zuletzt mit dem Thema Geheimschriften.</p>
</div>
<p>Seit Ende 2019 ist sie über die Sarah Wiener Stiftung zur Genussbotschafterin weitergebildet worden und bietet verschiedene Koch- und Ernährungsprojekte für Kinder und Jugendliche an.</p>
<p>Gemeinsam mit ihren Kolleg*innen koordiniert sie die Ferienprogramme für Oster-, Sommer- und Herbstferien und führt einige der angebotenen Projekte selbst durch.</p>
</div><div class="fusion-clearfix"></div>

					</div>
				</div></div></div></p>
