{"id":3010,"date":"2024-10-02T12:06:30","date_gmt":"2024-10-02T10:06:30","guid":{"rendered":"https:\/\/jugendpflege4.org\/?page_id=3010"},"modified":"2026-03-18T11:02:31","modified_gmt":"2026-03-18T10:02:31","slug":"jessica-lehr","status":"publish","type":"page","link":"https:\/\/jugendpflege4.org\/index.php\/jessica-lehr\/","title":{"rendered":"Jessica Lehr"},"content":{"rendered":"<p><div class=\"fusion-fullwidth fullwidth-box nonhundred-percent-fullwidth non-hundred-percent-height-scrolling\"  style='background-color: rgba(255,255,255,0);background-position: center center;background-repeat: no-repeat;padding-top:0px;padding-right:0px;padding-bottom:0px;padding-left:0px;'><div class=\"fusion-builder-row fusion-row \"><div  class=\"fusion-layout-column fusion_builder_column fusion_builder_column_1_2 fusion-builder-column-1 fusion-one-half fusion-column-first 1_2\"  style='margin-top:0px;margin-bottom:20px;width:50%;width:calc(50% - ( ( 4% ) * 0.5 ) );margin-right: 4%;'>\n\t\t\t\t\t<div class=\"fusion-column-wrapper\" style=\"padding: 0px 0px 0px 0px;background-position:left top;background-repeat:no-repeat;-webkit-background-size:cover;-moz-background-size:cover;-o-background-size:cover;background-size:cover;\"   data-bg-url=\"\">\n\t\t\t\t\t\t<div class=\"fusion-text\"><p>* 1989<\/p>\n<p>staatlich anerkannte Sozialp\u00e4dagogin B.A.<\/p>\n<p>Jugendpflegerin seit 2024<\/p>\n<\/div><div class=\"fusion-text\"><\/div><div class=\"fusion-sep-clear\"><\/div><div class=\"fusion-separator fusion-full-width-sep sep-single\" style=\"border-color:#ae895d;border-top-width:1px;margin-left: auto;margin-right: auto;margin-top:;\"><\/div><div class=\"fusion-text\"><h4>\u00a0<\/h4>\n<h4>Schwerpunkte:<\/h4>\n<\/div><ul class=\"fusion-checklist fusion-checklist-1\" style=\"font-size:14px;line-height:23.8px;\"><li class=\"fusion-li-item\"><span style=\"background-color:#ab8b65;font-size:12.32px;height:23.8px;width:23.8px;margin-right:9.8px;\" class=\"icon-wrapper circle-yes\"><i class=\"fusion-li-icon fa-angle-right fas\" style=\"color:#ffffff;\"><\/i><\/span><div class=\"fusion-li-item-content\" style=\"margin-left:33.6px;\">\n<p>Ferienspiel- und Freizeitangebote<\/p>\n<\/div><\/li><li class=\"fusion-li-item\"><span style=\"background-color:#ab8b65;font-size:12.32px;height:23.8px;width:23.8px;margin-right:9.8px;\" class=\"icon-wrapper circle-yes\"><i class=\"fusion-li-icon fa-angle-right fas\" style=\"color:#ffffff;\"><\/i><\/span><div class=\"fusion-li-item-content\" style=\"margin-left:33.6px;\">\n<p>offene und mobile Jugendtreffs<\/p>\n<\/div><\/li><li class=\"fusion-li-item\"><span style=\"background-color:#ab8b65;font-size:12.32px;height:23.8px;width:23.8px;margin-right:9.8px;\" class=\"icon-wrapper circle-yes\"><i class=\"fusion-li-icon fa-angle-right fas\" style=\"color:#ffffff;\"><\/i><\/span><div class=\"fusion-li-item-content\" style=\"margin-left:33.6px;\">\n<p>Queere Jugendarbeit<\/p>\n<\/div><\/li><li class=\"fusion-li-item\"><span style=\"background-color:#ab8b65;font-size:12.32px;height:23.8px;width:23.8px;margin-right:9.8px;\" class=\"icon-wrapper circle-yes\"><i class=\"fusion-li-icon fa-angle-right fas\" style=\"color:#ffffff;\"><\/i><\/span><div class=\"fusion-li-item-content\" style=\"margin-left:33.6px;\">\n<p>Aufsuchende Jugendarbeit<\/p>\n<\/div><\/li><li class=\"fusion-li-item\"><span style=\"background-color:#ab8b65;font-size:12.32px;height:23.8px;width:23.8px;margin-right:9.8px;\" class=\"icon-wrapper circle-yes\"><i class=\"fusion-li-icon fa-angle-right fas\" style=\"color:#ffffff;\"><\/i><\/span><div class=\"fusion-li-item-content\" style=\"margin-left:33.6px;\">\n<p>Beratungsangebot<\/p>\n<\/div><\/li><\/ul><div class=\"fusion-clearfix\"><\/div>\n\n\t\t\t\t\t<\/div>\n\t\t\t\t<\/div><div  class=\"fusion-layout-column fusion_builder_column fusion_builder_column_1_2 fusion-builder-column-2 fusion-one-half fusion-column-last 1_2\"  style='margin-top:0px;margin-bottom:20px;width:50%;width:calc(50% - ( ( 4% ) * 0.5 ) );'>\n\t\t\t\t\t<div class=\"fusion-column-wrapper\" style=\"padding: 0px 0px 0px 0px;background-position:left top;background-repeat:no-repeat;-webkit-background-size:cover;-moz-background-size:cover;-o-background-size:cover;background-size:cover;\"   data-bg-url=\"\">\n\t\t\t\t\t\t<div class=\"fusion-text\"><p><a href=\"https:\/\/jugendpflege4.org\/index.php\/jugendtreff-stammheim\/\">Jugendtreff Stammheim<\/a><\/p>\n<p><a href=\"https:\/\/jugendpflege4.org\/index.php\/jugendtreff-beienheim\/\">Jugendtreff Beienheim<\/a><\/p>\n<p><a href=\"https:\/\/jugendpflege4.org\/index.php\/jugendtreff-dorn-assenheim\/\">Jugendtreff Dorn-Assenheim<\/a><\/p>\n<p><a href=\"https:\/\/jugendpflege4.org\/index.php\/mobile-jugendarbeit\/\">Jugendtreff Berstadt<\/a><\/p>\n<\/div><div class=\"fusion-text\"><\/div><div class=\"fusion-sep-clear\"><\/div><div class=\"fusion-separator fusion-full-width-sep sep-single\" style=\"border-color:#ae895d;border-top-width:1px;margin-left: auto;margin-right: auto;margin-top:;\"><\/div><div class=\"fusion-text\"><p>lehr@jugendpflege4.de<\/p>\n<p>0176-77860365\/ 06035-1001-36<\/p>\n<\/div><div class=\"fusion-clearfix\"><\/div>\n\n\t\t\t\t\t<\/div>\n\t\t\t\t<\/div><\/div><\/div><div class=\"fusion-fullwidth fullwidth-box nonhundred-percent-fullwidth non-hundred-percent-height-scrolling\"  style='background-color: rgba(255,255,255,0);background-position: center center;background-repeat: no-repeat;padding-top:0px;padding-right:0px;padding-bottom:0px;padding-left:0px;'><div class=\"fusion-builder-row fusion-row \"><div  class=\"fusion-layout-column fusion_builder_column fusion_builder_column_1_1 fusion-builder-column-3 fusion-one-full fusion-column-first fusion-column-last 1_1\"  style='margin-top:0px;margin-bottom:20px;'>\n\t\t\t\t\t<div class=\"fusion-column-wrapper\" style=\"padding: 0px 0px 0px 0px;background-position:left top;background-repeat:no-repeat;-webkit-background-size:cover;-moz-background-size:cover;-o-background-size:cover;background-size:cover;\"   data-bg-url=\"\">\n\t\t\t\t\t\t<div class=\"fusion-sep-clear\"><\/div><div class=\"fusion-separator fusion-full-width-sep sep-single\" style=\"border-color:#ae895d;border-top-width:1px;margin-left: auto;margin-right: auto;margin-top:;\"><\/div><div class=\"fusion-clearfix\"><\/div>\n\n\t\t\t\t\t<\/div>\n\t\t\t\t<\/div><\/div><\/div><div class=\"fusion-fullwidth fullwidth-box nonhundred-percent-fullwidth non-hundred-percent-height-scrolling\"  style='background-color: rgba(255,255,255,0);background-position: center center;background-repeat: no-repeat;padding-top:0px;padding-right:0px;padding-bottom:0px;padding-left:0px;'><div class=\"fusion-builder-row fusion-row \"><div  class=\"fusion-layout-column fusion_builder_column fusion_builder_column_1_1 fusion-builder-column-4 fusion-one-full fusion-column-first fusion-column-last 1_1\"  style='margin-top:0px;margin-bottom:20px;'>\n\t\t\t\t\t<div class=\"fusion-column-wrapper\" style=\"padding: 0px 0px 0px 0px;background-position:left top;background-repeat:no-repeat;-webkit-background-size:cover;-moz-background-size:cover;-o-background-size:cover;background-size:cover;\"   data-bg-url=\"\">\n\t\t\t\t\t\t<div class=\"fusion-text\"><section id=\"content\">\n<div id=\"post-1331\" class=\"post-1331 page type-page status-publish hentry\">\n<div class=\"post-content\">\n<div class=\"fusion-fullwidth fullwidth-box nonhundred-percent-fullwidth non-hundred-percent-height-scrolling\">\n<div class=\"fusion-builder-row fusion-row \">\n<div class=\"fusion-layout-column fusion_builder_column fusion_builder_column_1_1 fusion-builder-column-8 fusion-one-full fusion-column-first fusion-column-last 1_1\">\n<div class=\"fusion-column-wrapper\" data-bg-url=\"\">\n<div class=\"fusion-text\">\n<div>\u00a0<\/div>\n<p>Jessica ist seit Oktober 2024 bei der Jugendpflege 4.0.<\/p>\n<p>Sie hat mehrere Jahre in einer Jugendwohngruppe gearbeitet und war dort Sport- und Freizeitbeauftrage. <\/p>\n<p>2018 hat sie eine berufsbegleitende, erlebnisp\u00e4dagogische Weiterbildung im Bereich Sportklettern absolviert und hat hierzu Fachleistungsstunden speziell f\u00fcr Jugendliche angeboten.<\/p>\n<p>2023 war sie Projektleitung f\u00fcr das Diesterweg Stipendium in Hanau. Das Stipendium richtet sich an Kinder im vierten und f\u00fcnften Schuljahr und umfasst Kinderakademien zu Sprache und Literatur, sowie zu naturwissenschaftlichen und kulturellen Themen.\u00a0<\/p>\n<p>In ihrer Freizeit begeistert sich Jessica unter anderem f\u00fcr das Reisen in verschiedene L\u00e4nder. Sie liebt es andere Kulturen und Menschen kennenzulernen. Wenn sie zuhause ist, k\u00fcmmert sie sich um ihre zahlreichen Pflanzen. Sie ist gerne sportlich aktiv und am liebsten in der Natur unterwegs. Vor einigen Jahren entwickelte sie eine Leidenschaft f\u00fcr Yoga und ist seit 2020 zertifizierte Yogalehrerin.<\/p>\n<p>Zusammen mit ihren Kollegen*innen organisiert sie die Ferienprogramme f\u00fcr die Ostern-, Sommer-und Herbstferien und f\u00fchrt diese durch.<\/p>\n<\/div>\n<div class=\"fusion-clearfix\">\u00a0<\/div>\n<\/div>\n<\/div>\n<\/div>\n<\/div>\n<\/div>\n<\/div>\n<\/section>\n<\/div><div class=\"fusion-clearfix\"><\/div>\n\n\t\t\t\t\t<\/div>\n\t\t\t\t<\/div><\/div><\/div><\/p>\n","protected":false},"excerpt":{"rendered":"","protected":false},"author":2,"featured_media":0,"parent":0,"menu_order":0,"comment_status":"closed","ping_status":"closed","template":"","meta":{"_bbp_topic_count":0,"_bbp_reply_count":0,"_bbp_total_topic_count":0,"_bbp_total_reply_count":0,"_bbp_voice_count":0,"_bbp_anonymous_reply_count":0,"_bbp_topic_count_hidden":0,"_bbp_reply_count_hidden":0,"_bbp_forum_subforum_count":0,"footnotes":""},"class_list":["post-3010","page","type-page","status-publish","hentry"],"_links":{"self":[{"href":"https:\/\/jugendpflege4.org\/index.php\/wp-json\/wp\/v2\/pages\/3010","targetHints":{"allow":["GET"]}}],"collection":[{"href":"https:\/\/jugendpflege4.org\/index.php\/wp-json\/wp\/v2\/pages"}],"about":[{"href":"https:\/\/jugendpflege4.org\/index.php\/wp-json\/wp\/v2\/types\/page"}],"author":[{"embeddable":true,"href":"https:\/\/jugendpflege4.org\/index.php\/wp-json\/wp\/v2\/users\/2"}],"replies":[{"embeddable":true,"href":"https:\/\/jugendpflege4.org\/index.php\/wp-json\/wp\/v2\/comments?post=3010"}],"version-history":[{"count":11,"href":"https:\/\/jugendpflege4.org\/index.php\/wp-json\/wp\/v2\/pages\/3010\/revisions"}],"predecessor-version":[{"id":3279,"href":"https:\/\/jugendpflege4.org\/index.php\/wp-json\/wp\/v2\/pages\/3010\/revisions\/3279"}],"wp:attachment":[{"href":"https:\/\/jugendpflege4.org\/index.php\/wp-json\/wp\/v2\/media?parent=3010"}],"curies":[{"name":"wp","href":"https:\/\/api.w.org\/{rel}","templated":true}]}}

<p><div class="fusion-fullwidth fullwidth-box nonhundred-percent-fullwidth non-hundred-percent-height-scrolling"  style='background-color: rgba(255,255,255,0);background-position: center center;background-repeat: no-repeat;padding-top:0px;padding-right:0px;padding-bottom:0px;padding-left:0px;'><div class="fusion-builder-row fusion-row "><div  class="fusion-layout-column fusion_builder_column fusion_builder_column_1_2 fusion-builder-column-1 fusion-one-half fusion-column-first 1_2"  style='margin-top:0px;margin-bottom:20px;width:50%;width:calc(50% - ( ( 4% ) * 0.5 ) );margin-right: 4%;'>
					<div class="fusion-column-wrapper" style="padding: 0px 0px 0px 0px;background-position:left top;background-repeat:no-repeat;-webkit-background-size:cover;-moz-background-size:cover;-o-background-size:cover;background-size:cover;"   data-bg-url="">
						<div class="fusion-text"><p>* 1989</p>
<p>staatlich anerkannte Sozialpädagogin B.A.</p>
<p>Jugendpflegerin seit 2024</p>
</div><div class="fusion-text"></div><div class="fusion-sep-clear"></div><div class="fusion-separator fusion-full-width-sep sep-single" style="border-color:#ae895d;border-top-width:1px;margin-left: auto;margin-right: auto;margin-top:;"></div><div class="fusion-text"><h4> </h4>
<h4>Schwerpunkte:</h4>
</div><ul class="fusion-checklist fusion-checklist-1" style="font-size:14px;line-height:23.8px;"><li class="fusion-li-item"><span style="background-color:#ab8b65;font-size:12.32px;height:23.8px;width:23.8px;margin-right:9.8px;" class="icon-wrapper circle-yes"><i class="fusion-li-icon fa-angle-right fas" style="color:#ffffff;"></i></span><div class="fusion-li-item-content" style="margin-left:33.6px;">
<p>Ferienspiel- und Freizeitangebote</p>
</div></li><li class="fusion-li-item"><span style="background-color:#ab8b65;font-size:12.32px;height:23.8px;width:23.8px;margin-right:9.8px;" class="icon-wrapper circle-yes"><i class="fusion-li-icon fa-angle-right fas" style="color:#ffffff;"></i></span><div class="fusion-li-item-content" style="margin-left:33.6px;">
<p>offene und mobile Jugendtreffs</p>
</div></li><li class="fusion-li-item"><span style="background-color:#ab8b65;font-size:12.32px;height:23.8px;width:23.8px;margin-right:9.8px;" class="icon-wrapper circle-yes"><i class="fusion-li-icon fa-angle-right fas" style="color:#ffffff;"></i></span><div class="fusion-li-item-content" style="margin-left:33.6px;">
<p>Queere Jugendarbeit</p>
</div></li><li class="fusion-li-item"><span style="background-color:#ab8b65;font-size:12.32px;height:23.8px;width:23.8px;margin-right:9.8px;" class="icon-wrapper circle-yes"><i class="fusion-li-icon fa-angle-right fas" style="color:#ffffff;"></i></span><div class="fusion-li-item-content" style="margin-left:33.6px;">
<p>Aufsuchende Jugendarbeit</p>
</div></li><li class="fusion-li-item"><span style="background-color:#ab8b65;font-size:12.32px;height:23.8px;width:23.8px;margin-right:9.8px;" class="icon-wrapper circle-yes"><i class="fusion-li-icon fa-angle-right fas" style="color:#ffffff;"></i></span><div class="fusion-li-item-content" style="margin-left:33.6px;">
<p>Beratungsangebot</p>
</div></li></ul><div class="fusion-clearfix"></div>

					</div>
				</div><div  class="fusion-layout-column fusion_builder_column fusion_builder_column_1_2 fusion-builder-column-2 fusion-one-half fusion-column-last 1_2"  style='margin-top:0px;margin-bottom:20px;width:50%;width:calc(50% - ( ( 4% ) * 0.5 ) );'>
					<div class="fusion-column-wrapper" style="padding: 0px 0px 0px 0px;background-position:left top;background-repeat:no-repeat;-webkit-background-size:cover;-moz-background-size:cover;-o-background-size:cover;background-size:cover;"   data-bg-url="">
						<div class="fusion-text"><p><a href="https://jugendpflege4.org/index.php/jugendtreff-stammheim/">Jugendtreff Stammheim</a></p>
<p><a href="https://jugendpflege4.org/index.php/jugendtreff-beienheim/">Jugendtreff Beienheim</a></p>
<p><a href="https://jugendpflege4.org/index.php/jugendtreff-dorn-assenheim/">Jugendtreff Dorn-Assenheim</a></p>
<p><a href="https://jugendpflege4.org/index.php/mobile-jugendarbeit/">Jugendtreff Berstadt</a></p>
</div><div class="fusion-text"></div><div class="fusion-sep-clear"></div><div class="fusion-separator fusion-full-width-sep sep-single" style="border-color:#ae895d;border-top-width:1px;margin-left: auto;margin-right: auto;margin-top:;"></div><div class="fusion-text"><p>lehr@jugendpflege4.de</p>
<p>0176-77860365/ 06035-1001-36</p>
</div><div class="fusion-clearfix"></div>

					</div>
				</div></div></div><div class="fusion-fullwidth fullwidth-box nonhundred-percent-fullwidth non-hundred-percent-height-scrolling"  style='background-color: rgba(255,255,255,0);background-position: center center;background-repeat: no-repeat;padding-top:0px;padding-right:0px;padding-bottom:0px;padding-left:0px;'><div class="fusion-builder-row fusion-row "><div  class="fusion-layout-column fusion_builder_column fusion_builder_column_1_1 fusion-builder-column-3 fusion-one-full fusion-column-first fusion-column-last 1_1"  style='margin-top:0px;margin-bottom:20px;'>
					<div class="fusion-column-wrapper" style="padding: 0px 0px 0px 0px;background-position:left top;background-repeat:no-repeat;-webkit-background-size:cover;-moz-background-size:cover;-o-background-size:cover;background-size:cover;"   data-bg-url="">
						<div class="fusion-sep-clear"></div><div class="fusion-separator fusion-full-width-sep sep-single" style="border-color:#ae895d;border-top-width:1px;margin-left: auto;margin-right: auto;margin-top:;"></div><div class="fusion-clearfix"></div>

					</div>
				</div></div></div><div class="fusion-fullwidth fullwidth-box nonhundred-percent-fullwidth non-hundred-percent-height-scrolling"  style='background-color: rgba(255,255,255,0);background-position: center center;background-repeat: no-repeat;padding-top:0px;padding-right:0px;padding-bottom:0px;padding-left:0px;'><div class="fusion-builder-row fusion-row "><div  class="fusion-layout-column fusion_builder_column fusion_builder_column_1_1 fusion-builder-column-4 fusion-one-full fusion-column-first fusion-column-last 1_1"  style='margin-top:0px;margin-bottom:20px;'>
					<div class="fusion-column-wrapper" style="padding: 0px 0px 0px 0px;background-position:left top;background-repeat:no-repeat;-webkit-background-size:cover;-moz-background-size:cover;-o-background-size:cover;background-size:cover;"   data-bg-url="">
						<div class="fusion-text"><section id="content">
<div id="post-1331" class="post-1331 page type-page status-publish hentry">
<div class="post-content">
<div class="fusion-fullwidth fullwidth-box nonhundred-percent-fullwidth non-hundred-percent-height-scrolling">
<div class="fusion-builder-row fusion-row ">
<div class="fusion-layout-column fusion_builder_column fusion_builder_column_1_1 fusion-builder-column-8 fusion-one-full fusion-column-first fusion-column-last 1_1">
<div class="fusion-column-wrapper" data-bg-url="">
<div class="fusion-text">
<div> </div>
<p>Jessica ist seit Oktober 2024 bei der Jugendpflege 4.0.</p>
<p>Sie hat mehrere Jahre in einer Jugendwohngruppe gearbeitet und war dort Sport- und Freizeitbeauftrage. </p>
<p>2018 hat sie eine berufsbegleitende, erlebnispädagogische Weiterbildung im Bereich Sportklettern absolviert und hat hierzu Fachleistungsstunden speziell für Jugendliche angeboten.</p>
<p>2023 war sie Projektleitung für das Diesterweg Stipendium in Hanau. Das Stipendium richtet sich an Kinder im vierten und fünften Schuljahr und umfasst Kinderakademien zu Sprache und Literatur, sowie zu naturwissenschaftlichen und kulturellen Themen. </p>
<p>In ihrer Freizeit begeistert sich Jessica unter anderem für das Reisen in verschiedene Länder. Sie liebt es andere Kulturen und Menschen kennenzulernen. Wenn sie zuhause ist, kümmert sie sich um ihre zahlreichen Pflanzen. Sie ist gerne sportlich aktiv und am liebsten in der Natur unterwegs. Vor einigen Jahren entwickelte sie eine Leidenschaft für Yoga und ist seit 2020 zertifizierte Yogalehrerin.</p>
<p>Zusammen mit ihren Kollegen*innen organisiert sie die Ferienprogramme für die Ostern-, Sommer-und Herbstferien und führt diese durch.</p>
</div>
<div class="fusion-clearfix"> </div>
</div>
</div>
</div>
</div>
</div>
</div>
</section>
</div><div class="fusion-clearfix"></div>

					</div>
				</div></div></div></p>
